ate 27 + -29 + 4 - -20.
22
(-32 - -20) + 7 - (-1 + 25)
-29
What is (44 - 77) + 103 - 65?
5
(-26 - (-19 + -4)) + (-1 + 0 - 47)
-51
What is the value of (6 + -7 - -6) + -17 + -12 + -2 + 11?
-15
Calculate 5 - -4 - (8 - (-40 - 4)) - -9 - 1.
-35
Calculate 26 - (34 + 20 + -49) - 98.
-77
Calculate 21 - (-53 + 14) - 9 - -15.
66
-75 + (11 + -15 + -9 - (-8 - -5 - 16))
-69
Evaluate -77 + (117 - (91 + -95)).
44
4 + 5 + 10 + -12 + 19 - -6
32
What is 151 + (31 - ((-40 - -25) + 86))?
111
Calculate 0 + -94 + 4 + (-1 - 4) + 1065 + -1069.
-99
What is the value of -82 - (80 - 156) - (-1 + 39)?
-44
What is the value of -138 + (50 - 30) + 71?
-47
What is the value of -15 - (1 + 0 + -115 + 1 - (5783 - 5784))?
97
-10 + (-7 - 4) + 34 - (66 - -1 - 1)
-53
Calculate -84 + (11 - (6 - (-46 - -2))).
-123
Evaluate -2152 + 2168 - (45 - (3 - 3)) - (-10 - 1).
-18
What is the value of -7 - (-20 - -4 - (2 + (-12 - -5) - 0))?
4
-37 - 1 - ((5 - -12) + (-57 - -43))
-41
What is -74 - (19 - -16 - 15 - (0 + 0))?
-94
What is (175 + -177 - (-42 - -4)) + 12?
48
What is the value of 2 + 32 + 3 - ((-37 - (-19 - 36)) + -32)?
51
(16 - ((23 - 13) + -8 - -46)) + -23
-55
(23 - 3) + 629 + -571
78
Calculate -56 + -46 + -65 + 123.
-44
Calculate -13 - (1 - -97 - (323 + -308) - 20).
-76
Calculate 7 - ((-6 + 24 - 1) + -21).
11
Calculate (0 + -1 - -47) + (1 + -15 - (2984 - 3003)).
51
Evaluate (421 - 414) + (1 - 8 - -12) + -85.
-73
What is 4 + -32 + 17 + (-52 - -153)?
90
What is the value of 2 + 8 + (-98 - -98) + -96 + -2 - 8?
-96
Evaluate 33 + 1 + 1053 + -1099.
-12
What is (0 + 18 - (1185 - 1178)) + 1 + 3?
15
What is the value of 7 + -2 + -2 + 40 + -8?
35
Calculate 20 + -59 + 27 - (-7 - (3 + -5 + -35)).
-42
32 - (-12 - -13) - 3 - (1 + 1)
26
Evaluate 5 - 5 - (-90 - -103) - -59.
46
Evaluate -64 - (-116 + -15) - (-2 - 3 - 0).
72
Evaluate -2 + -3 + -8 + 20 + -5 + 10.
12
Evaluate -3 - -3 - -80 - (-21 + (129 - 118)).
90
What is (2 - (-18 + 10 - -13)) + (4 - 13) + 35?
23
Calculate (-70 + 7 - -3) + -5 - (637 + -629).
-73
-17 - (-2 + -5 + -23) - -36
49
Calculate 32 + (1 - (-24 + 63)).
-6
-7 + 3 - (-69 - 0) - (350 - 333)
48
What is the value of 30 - (53 + -18) - -36?
31
Calculate 2 + 0 + (-9 - 44) + 50 + -37.
-38
What is (-2 - -15) + -80 + (50 - -25)?
8
Calculate (-211 - -240) + (1 - -1 - -3).
34
Evaluate (6 - -34) + -41 - (3 - (1 + 11) - -5).
3
Calculate 7 + -5 + -13 + -5 + 10 + 34 + -9.
19
(-24 - -29 - -5) + (-50 - ((3 - 2) + 1))
-42
Calculate 0 + 43 + (-9 - ((-1 - 5) + (-59 - -53))).
46
Calculate -35 + 0 + (34 + -26 - (-3 - -6)).
-30
Calculate (18 - (3 + 2 - -13)) + -6 + 0.
-6
What is the value of 94 + (-24 - -19) + -14 + 0 + (-2 - -10)?
83
Evaluate (-15 - (16 - (-2 + 57))) + 23.
47
What is (-3 - 101) + 4 + 6 + (-4 - 1) + -8?
-107
Evaluate 73 + -44 + -23 + (-19 - 3).
-16
Evaluate (8 - (7 - 2 - 5)) + (-80 - -3) + 1.
-68
Calculate 279 + -79 + (-22 - 53).
125
(7 - ((-23 - -22) + 20)) + (1 - -20) + -64
-55
What is (33 - 66) + 23 + 76 + -10?
56
Evaluate -2 - ((2 - ((-2 - -4) + 2)) + (162 - 162)).
0
What is the value of 1 + -1 + -6 + (3384 - 3327)?
51
Evaluate 0 - (3 + -1) - (-1 + 33 + 80 + -70).
-44
Evaluate (-1 + 1 - -8) + -44 + 50.
14
What is the value of (38 - 28 - (12 + -6 - 0)) + -24?
-20
3 + 94 - (506 - 447)
38
0 + (-2 + 2 - -5) + -61 + -81 + 83
-54
9 - (14 + 39) - -68
24
(-19 - (-10 - 28) - -89) + -8
100
Evaluate 71 + (-108 - (-64 - -101)).
-74
-28 - ((-146 - -55) + 27)
36
What is 43 + 15 + -9 - 51?
-2
What is the value of (-1 - -1) + -185 + 170 - -18 - 3?
0
What is 4 + (-8 - -4) + (2 + -8 - -51) + 14?
59
Calculate (143 - (5 + 138)) + (5 - 1) + 1 + 2.
7
What is the value of 1 + (6 - 9) + -39 - (-69 - -66)?
-38
(-82 - (161 + -216)) + (112 - 0)
85
Calculate (-7 - -2 - -13) + 32 + (-24 - 81).
-65
What is the value of 20 + (-67 - -25) - (-2 - 17)?
-3
What is the value of (-4761 - -4776) + (0 - 32)?
-17
Calculate 14540 - 14561 - (0 + 82).
-103
What is -2 + 5 + (1 - 0) + (13 - 0)?
17
Evaluate (39 - (108 + -84) - ((-3 - -1) + 7)) + -53.
-43
What is the value of -16 - (-292 - -278 - (6 - -1) - 10)?
15
What is the value of -29 - ((-67 - -93) + 16)?
-71
-117 + (45 + -29 - -45 - 13)
-69
Calculate 16 + 8 + -24 + -1 + 4.
3
Evaluate ((11 - 23) + 5 - 14) + 13 - -24.
16
Calculate 68 - 44 - ((-33 - 1) + 5).
53
Evaluate -95 + 106 + -32 + (-2 - 0) + 15.
-8
What is -54 + (-9 - -16 - 5) + 68 + -83?
-67
56 - ((103 - 57) + -40 - (0 - (0 - -7)))
43
What is 27 - (-149 + 194 + 15 + -1)?
-32
Calculate (34 - -7) + (1 - (-13 + 15)) + -1.
39
What is the value of (-36 - -67) + (4 + -11 + (-5 - -9) - 12)?
16
-83 - (-78 + -6 + 81)
-80
What is -53 + -4 + -1 - (-2 + 10 - 12) - -4?
-50
Calculate -4 + 4 + -58 + 5 + (-10 + 10 - 2).
-55
Calculate -63 - -114 - 44 - -41.
48
50 + -28 - 37 - (40 - -35)
-90
Calculate 8 + 2 + 13 - 12 - -21.
32
Evaluate 29 + -9 - (1 + -3 + 41).
-19
What is 104 - (173 + -79) - 6?
4
What is (-11 - -6) + 9 + -1 + (-14 - -6 - -22)?
17
77 + -27 + -53 + 50
47
What is the value of 131 + -99 - (65 - 98)?
65
Calculate -7 - -3 - 3 - (-85 + -4 + 0 + 0).
82
What is the value of (2 - (3 + 42 - -2)) + (29 + 19 - 39)?
-36
Evaluate 23 + 1 + 4 + -20 + -17.
-9
Evaluate (-3 - -11 - 10) + -38 + -3 + -2.
-45
What is 18 - (-30 + 32) - -88 - 2?
102
Calculate (23 - 8) + (-10 - (-3 - -24)).
-16
What is (-130 - -71 - -160) + -93?
8
What is the value of (3 - -4) + -8 + -19 + -36 + 21?
-35
What is 1 + -23 + 1 - (-771 + 660)?
90
Evaluate (-24 - -4) + (408 - 387).
1
What is -3 - 0 - ((-8 - -3 - 15) + -2 + 20)?
-1
What is 1 - -7 - (30 - (-16 - -34) - 22 - 10)?
28
Evaluate (-1 + 44 - (-1 - 0)) + (-647 - -635).
32
What is (-29 - (-6 + -57)) + (3 - 23)?
14
What is the value of 35 + (34 + -7 + -34 + 11 - (12 - -4))?
23
What is ((1 - 52) + -10 + -9 - -17) + 15?
-38
What is 37 + -42 + 27 - (6 - -11)?
5
-3 + 16 + 80 + -1 + -4 + (111 - 105)
94
Calculate -59 + 79 - (16 + -9 + 27).
-14
Calculate -18 - (-83 + 1 - 2).
66
Calculate 28 + -7 + 4 + 13 + -60.
-22
What is the value of -96 + 40 + 50 + (-6 - -1)?
-11
Evaluate 8 - (-23 - (-52 + 19)).
-2
Evaluate 12 - (42 - 38 - 64).
72
10 - (-1 + (0 - ((-4 - 6) + -88)) + -4)
-83
What is the value of 50 + (1 - 24 - ((15 - -26) + -60))?
46
Calculate (33 - (222 - (-41 - -67))) + 35.
-128
Evaluate (-111 - 0) + (324 - (67 - -237)).
-91
Evaluate (7 - 6) + (40 + -28 + 3 + -12 - 49).
-45
What is the value of 20 + 2 - (9 + (4 - -10))?
-1
-3 - (-22 + -6) - (664 + -627)
-12
What is -7 + -8 + 25 + 0 + 12 + -57?
-35
Calculate 0 + 59 - (29 + -57 - -33).
54
What is -10 + -4 - (30 + -179 + 86)?
49
What is -752 + 717 + 137 + -1 - 42?
59
What is 3053 + -3134 - (2 + -88)?
5
-6 - (16 + -125 + 54)
49
Calculate -110 - (1 + -2 - 66).
-43
Calculate -59 - (7 + (-5 - (22 - -3))).
-36
What is the value of (-44 - 5 - -67) + (-1 - 24)?
-7
Evaluate (-1 - 7 - (-284 - -250) - 14) + -31.
-19
Calculate -2 - (2 - 23) - (0 + 3 + 8).
8
Calculate -130 + (-19 - (-132 + 15)).
-32
Evaluate 133 + 1 + (-9815 - -9733).
52
58 - (-6 + 57 + -30 + -15)
52
Evaluate -10 - (-85 + 56 + 41).
-22
What is the value of -18 + 16 + (32 - 38)?
-8
Calculate -36 + (-27 - 83) + 90.
-56
Calculate -3 - 6 - (25 - (15 + 1 + (61 - 61))).
-18
2 + -23 + (-631 - -557) - (-6 - (0 - 5))
-94
What is (-534 - -528) + (2 - (1 + -5 - 22))?
22
Evaluate (11 - (-24 - -57 - 28)) + 88.
94
(13 + -12 - (3 + -1) - -3) + (190 - 259)
-67
-34 - (130 + -59 + -26)
-79
Calculate ((-1 - -3) + 54 - 0) + (-149 - (-8 + -149)).
64
Calculate (-21 - -10) + -33 - -47.
3
Calculate 2 - (-2 - -4) - (-121 - -185 - 14).
-50
What is 39 + (-9 - -7) + 12 + (-2 - 5)?
42
What is -52 + 14 + -11 + -17 + 28?
-38
Calculate (3 - (-4 - (-14 - 1))) + (-2 - 42).
-52
Evaluate -14 + (-112 + 94 + 2 + 17 - -5).
-8
What is (6 - 0) + 6 + 1 + 4 + -35 + 40?
22
5 + (-106 - -1) + (10 - ((0 - 8) + 6))
-88
What is (-1 - (-26 + 7)) + (-85 - -143 - 48)?
28
What is -82 + (-3 - (-4 - -42) - -23)?
-100
Calculate -24 + (7 - -96 - (15 + 1)).
63
Calculate (22 - 0) + -35 + 1 + 36 + 1.
25
What is (1 - 29) + -202 + 138 + 145?
53
Evaluate -15 - (47 + (4 - 42)).
-24
What is the value of -1 + -8 + -80 + 41 + 34 + -20?
-34
What is (-5 - -33) + (26 - -17 - 48) + 35?
58
Evaluate 0 - (61 - (18 - -67)).
24
Calculate 95 - (190 - 111 - -60).
-44
(-54 + 55 + (-2 - -7) - -11) + (-3 - 6)
8
Evaluate -76 - (-8 - 46 - 70).
48
Calculate (10 - (6 - (13 - 27))) + (-3 - 